hest common divisor of 5 and m.
5
Let n be (420/(-504))/((-3)/(-27))*(-80)/3. What is the greatest common divisor of 25 and n?
25
Suppose -7*y = 122 + 4. Let r = 42 - y. Calculate the greatest common divisor of 540 and r.
60
Suppose -166 = -3*n + 182. Let p be 22/(-209) - (1 + (-7131)/57). Suppose p*u - 111*u = 377. Calculate the greatest common divisor of u and n.
29
Let i(p) = 15*p**2 + 84*p - 389. Let l be i(5). What is the greatest common divisor of 261 and l?
29
Let o be ((-132)/(-132))/(1/5 - (-22)/(-135)). What is the greatest common factor of 1503 and o?
9
Suppose 2*k + 3*s = 4*k - 403, -s = -5*k + 1001. Calculate the greatest common factor of 1660 and k.
20
Let s(h) = 4*h**2 + 6*h - 10. Suppose 7*r - 9 = 5. Let k be s(r). Let p = -3 - -33. Calculate the highest common factor of p and k.
6
Let a = 1245 + 2380. Suppose -5*c = -3*z + 2212, -12*z + 7*z - 4*c = -a. Calculate the highest common divisor of z and 81.
81
Let v(z) be the second derivative of -z**5/10 - z**4/6 - z**3/2 - z**2/2 - 10*z + 5. Let a be v(-1). What is the highest common divisor of a and 118?
2
Suppose 3*i - 1654 = -r, -77*r + 4*i = -82*r + 8215. What is the greatest common factor of 1192 and r?
149
Let p = -7603 - -10643. Calculate the greatest common factor of 285 and p.
95
Suppose 5*s + 5*q - 24445 = 0, -15*s + 11*s = -4*q - 19516. Let b be ((-1)/(-6)*-3)/((-6)/s). What is the greatest common factor of b and 33?
11
Let w be -167 + 164 - (-294)/2. Calculate the highest common factor of 45 and w.
9
Suppose 2*f - 13 = -5. Suppose -f*z - i = 55, 2*z = z + 5*i - 40. Let g = 9 - z. What is the highest common factor of g and 8?
8
Let y(a) = 340*a**3 - 5*a**2 + 7*a + 11. Let n be y(3). Calculate the greatest common divisor of 267 and n.
89
Suppose 0 = 2*i - 4*n - 408, -n + 235 = 5*i - 807. Suppose 3*f = -o - 3*o + i, 0 = -3*o - 3*f + 153. What is the greatest common divisor of 55 and o?
55
Let p(g) = -119*g - 7128. Let c be p(-60). What is the greatest common factor of c and 11496?
12
Suppose t = -5*h + 147, -4*h - t + 6*t + 135 = 0. Suppose 2*z + 5 = 19. Suppose -o = z*o - 120. Calculate the greatest common divisor of o and h.
15
Suppose 4*c = -0 - 16, 4*o - 156 = c. Suppose 0 = 2*f + 3*h - 360, 4*f = -35*h + 40*h + 654. What is the greatest common divisor of f and o?
19
Suppose 2*h = 1178*f - 1176*f - 5658, -5631 = -2*f - h. What is the greatest common divisor of f and 120?
60
Let h be (-8)/2*(124/(-16) - 3). Suppose -2*d = -8, 4*g - 5*g = d + h. Let r = 48 + g. What is the highest common divisor of 14 and r?
1
Let g = 94 - 135. Let m = 49 + g. Suppose -j + 3 = 4*l - 9*l, -2*l + m = 0. What is the greatest common factor of j and 23?
23
Let z(b) = -5*b**2 + 2*b - 13. Let v be z(-6). Let w be 1*((-1 - 2) + 2)*v. Suppose 18*g + w = 925. Calculate the greatest common divisor of 5 and g.
5
Let m(p) = -18*p**3 - p**2. Let j be m(-1). Suppose 0 = -t - j*t + 18. Suppose 8 = 2*y - 14. Calculate the greatest common divisor of t and y.
1
Let p be (0 + -5)*43*(-108)/60. Calculate the greatest common factor of 45 and p.
9
Suppose 314*f - 337*f = -690. Let k(o) = 97*o - 5. Let w be k(5). What is the highest common divisor of w and f?
30
Let p be 28/10 + 4/(-5). Let o(l) = 9*l**3 - 2*l**2 + 1. Let u be o(p). Suppose u = 5*i - 0*i. What is the highest common factor of 65 and i?
13
Suppose 3*v + 2*d - 114 = 0, -136 = -4*v + 5*d + 62. Calculate the highest common factor of v and 14679.
21
Let u(x) = -4*x**3 + 17*x**2 + 63*x - 70. Let q be u(-5). Let n = -10 - -37. Calculate the greatest common divisor of n and q.
27
Let o(s) = -70*s**3 + 4*s**2 + 54*s + 192. Let a be o(-4). What is the greatest common divisor of a and 8?
8
Suppose 3*n + 3*t - 4284 = 0, 0 = -2*n + 4*t + 1372 + 1496. Calculate the highest common divisor of 52 and n.
26
Let a be (-1180)/(-354)*(-1)/(15/(-20052)). Calculate the greatest common divisor of a and 1.
1
Suppose 0 = 38*s - 29*s - 702. Let y be (-1)/(714/178 + -4). Let m = y - -206. What is the highest common divisor of s and m?
39
Suppose -3*h - g = -0*h + 403, -4*h - 536 = 2*g. Let p = 152 - h. Let l = -94 + 135. What is the greatest common divisor of p and l?
41
Let g(b) = -2*b**3 + 4*b**2 + 3*b. Let n be g(-1). Suppose -4*i = 2*s - 1594, -15*i + 14*i = n*s - 396. What is the greatest common factor of i and 21?
21
Let g = 17 - -37. Let r = 62 - g. Let x be -30*12/r*-1. What is the highest common factor of x and 405?
45
Let c(s) = -s**3 + 56*s**2 - 26*s + 478. Let f be c(54). What is the greatest common divisor of 22 and f?
22
Let z = -13 + 16. Let d(f) = 517*f**3 - f**2 + 3*f - 436*f**z - 3 + 0. Let r be d(1). What is the greatest common factor of r and 20?
20
Let b be (528/(-15))/((-168)/420). Calculate the greatest common factor of 341 and b.
11
Let i(a) be the first derivative of -6*a**2 + 8*a + 31. Let x be i(-7). What is the greatest common divisor of 138 and x?
46
Let f(q) = q**3 + 4*q**2 - q + 32. Let g be (-7)/21*(1 - (-1)/(-1)). Let o be f(g). Let p = 610 + -386. Calculate the highest common divisor of o and p.
32
Let k(d) = d**2 + 83*d + 1611. Let i be k(-81). Calculate the greatest common factor of i and 1575.
63
Suppose -3*s = z - 36 - 14, 5*z + 5 = 2*s. Let f(r) = 32*r**3 + 7*r**2 - 6*r + 6. Let m be f(3). Calculate the greatest common factor of m and s.
15
Let j(p) = p**3 - 6*p**2 - 5*p - 9. Let s be j(7). Let d be 104481/(-1786)*(-2)/9. What is the greatest common divisor of s and d?
1
Suppose -576 = -11*s + 810. What is the greatest common divisor of s and 1554?
42
Suppose 0 = 4*b - 6*b - 10. Let s be b*(-4)/20 + -5. Let t be 0 + 3 + 0 - s. What is the highest common factor of 21 and t?
7
Suppose 0 = -3*g - 21 - 38 + 443. What is the highest common factor of 288 and g?
32
Suppose -3*w + 1392 = 4*y, 7*y - 2257 = -w + 162. Calculate the greatest common divisor of 5727 and y.
69
Let z = 139 - 138. Let l be (-260)/(-117) + 2/(-9). Suppose g + 2*m + m - 1 = 0, -l*g + 3 = 5*m. Calculate the highest common factor of g and z.
1
Suppose 4*l = -5*q + l + 159, 4*l - 72 = -2*q. What is the greatest common factor of q and 14880?
30
Let p be -5*(-812)/35*4/16. Calculate the greatest common factor of p and 667.
29
Let x(r) = -r**3 + 13*r**2 - 37*r + 76. Let s be x(10). Let h(o) = o**3 + o**2 - o + 42. Let i be h(0). What is the greatest common divisor of i and s?
6
Let l be ((-98)/(-7))/7 - 0. Let k be -20*(-4 + 6/l)*5. Calculate the highest common divisor of 70 and k.
10
Let h = 35614 + -20938. What is the highest common divisor of h and 12?
12
Let d(s) = s**2 - s + 4. Let m be d(4). Let v(w) = -6*w + 34 + w**2 - 2*w - 5*w + 4. Let q be v(3). Calculate the highest common factor of q and m.
8
Let q(f) = 8*f**2 + 13*f - 36. Let n(k) = 9*k**2 + 13*k - 37. Let s(u) = -4*n(u) + 5*q(u). Let m be s(-8). Calculate the greatest common factor of 15 and m.
15
Suppose 39 = l + r + 2*r, -12 = -3*r. Let b(h) = -2*h**2 - 62*h - 12. Let y be b(-31). Let u = l + y. What is the highest common divisor of u and 15?
15
Suppose 0 = o - 353 - 267. What is the greatest common divisor of 800 and o?
20
Let l = -205 + 220. Let v(f) = -10*f - 5. Let j be (-13 + -1)/(8 - 6 - 1). Let b be v(j). Calculate the greatest common divisor of l and b.
15
Let a(h) = -343 - 4*h - 2*h**3 - 12*h**2 + 359 + 3*h**3. Let u be a(13). Let y = 191 - u. Calculate the highest common factor of y and 29.
29
Let l(o) = 16*o. Let z be l(5). Suppose -5*s - 3*k = -237, -44 = -s + 31*k - 35*k. Calculate the highest common factor of z and s.
16
Let d(w) = w**3 - 2*w**2 + 137*w. Let o be d(6). What is the highest common divisor of 138 and o?
138
Suppose 0*d - 336 = -7*d. Suppose -69*i + 74*i = 520. Let q = i + -92. Calculate the highest common divisor of d and q.
12
Suppose 3*i + 60 = -2*i. Let m = -3250 + 3194. Let v be (-3)/(-2)*m/i. Calculate the highest common divisor of v and 21.
7
Let x = -2242 + 2514. What is the greatest common divisor of 112 and x?
16
Let c(x) = -23*x - 195. Let p be c(-17). Calculate the highest common factor of p and 2828.
28
Let b = -189 + 193. Suppose c - 194 = -b*q - 39, -q + 3*c = -42. What is the greatest common divisor of q and 13?
13
Let p(r) = 29 + 17 + 127*r - 245*r + 120*r. Let x = 12 - 21. Let l be p(x). What is the greatest common divisor of 14 and l?
14
Suppose -27*v + 20*v